ens digit of s?
7
What is the tens digit of 3*2/9 + 130832/222?
9
Let r = -6 - -10. Suppose 4*y = 2*f + 62, 0*y - y + 5*f = -29. Let i = y + r. What is the units digit of i?
8
Suppose -g = 3*u - 25, g = u - 3 - 0. Suppose 5 + 9 = u*n. Suppose 2*v - n*h + h - 113 = 0, -3*h = -2*v + 103. What is the units digit of v?
9
Let c(a) = -6*a + 30. Let d = -21 + 14. What is the tens digit of c(d)?
7
Let h = 482 + 472. What is the units digit of h?
4
Let s(g) = -g**3 - 19*g**2 + 10*g - 93. What is the units digit of s(-21)?
9
Let h(z) be the third derivative of z**6/120 - z**5/10 + z**4/3 - z**3 - 3*z**2. What is the tens digit of h(6)?
4
Suppose -64*g = -61*g - 825. What is the tens digit of 5450/g - (-2)/11?
2
Suppose -z - 2*f = -288, 0 - 294 = -z - 5*f. Suppose 4*c + 7*a - 3*a - 232 = 0, 5*c - a = z. What is the tens digit of c?
5
Let l(x) = -x**2 - 9 - 7*x**2 + 5*x**2 - 13*x + 2*x**2. What is the units digit of l(-6)?
3
Let p = 863 - 577. Suppose -2*x + 2*u = 26 - p, 0 = -3*u - 9. What is the tens digit of x?
2
Suppose -4*z - t + 4472 = 0, -2*t = -4*z + 6*z - 2230. What is the hundreds digit of z?
1
Suppose -2*a + 17*i + 252 = 22*i, -252 = -2*a + i. What is the tens digit of a?
2
Suppose 0 = 5*a - 1479 + 304. What is the units digit of a?
5
Let w(p) = p**2 + p - 12. Let y be w(-5). Suppose 9*i - y*i = 10. Suppose i*u - 300 = 5*u. What is the units digit of u?
0
What is the thousands digit of ((-2)/8)/((-46)/247480)?
1
Suppose -4*s - 4*j = -3*s + 19, 0 = -3*j - 15. What is the tens digit of 14 + 1/(s/2)?
1
Let y(c) = 14*c**2 + 29*c + 113. What is the hundreds digit of y(-14)?
4
Let o(k) = -k**3 - 12*k**2 - 3*k + 8. What is the units digit of o(-21)?
0
What is the tens digit of (-4)/(-1)*(4011/28)/3?
9
What is the units digit of (-4)/5 + (-21)/5 + 280?
5
Let b be (6 - 4) + 0 + -487. Let c = 757 + b. What is the tens digit of c?
7
What is the units digit of (15/(-24))/((-2)/(-40))*-30?
5
Let x(a) = -a**3 + 4*a**2 + 2*a - 5. Let q be x(4). Suppose -104 = q*t + t. Let b = t + 60. What is the units digit of b?
4
Let k(s) = 2*s + 3. Let r be k(7). Suppose -4*z - 3*w - r = 0, -z - 2*w - 5 - 3 = 0. What is the tens digit of -7*(z - -4 - 4)?
1
Let v = -116 - -141. Let f(r) = -42*r**3 - r. Let u be f(-1). Let g = u - v. What is the tens digit of g?
1
Suppose 0 = -0*s - 4*s + 12. Suppose m - 285 = -5*x, -x - s*x + 5*m + 199 = 0. Suppose 0 = 2*g + l - 35, -5*g + x = -l - 28. What is the units digit of g?
7
Suppose -4751 + 911 = -6*f. What is the hundreds digit of f?
6
Let v = -68 - -99. Let z = v - -12. Let d = -11 + z. What is the units digit of d?
2
Let r be 736/24*-1*3. Let x = -20 - r. What is the tens digit of x?
7
Let z = 525 + 167. What is the hundreds digit of z?
6
What is the thousands digit of 2187008/1088 + (-4)/34?
2
Let u(f) = 3*f**2 + 19*f + 8. Let k be u(-6). Suppose 3*q = -3*y + 234, -4*y + k*q = -0*q - 342. What is the tens digit of y?
8
Let j = -5 + -1. Let a = 17 + j. What is the tens digit of a?
1
Let y = 827 + -562. Suppose -k + 4*u + y = 0, -4*k + 593 = -5*u - 412. Let g = k - 170. What is the tens digit of g?
7
Let x(f) = -103*f. Let v be x(-1). Let o = 3 + v. Let b = o - 71. What is the units digit of b?
5
Suppose 4*y - 4*m - 45 + 193 = 0, -2*y = -3*m + 71. Let p be 182/10 - (-8)/y. Let f = 1 + p. What is the tens digit of f?
1
Suppose 0 = -2*p + 27*i - 26*i + 3044, 4*i = -16. What is the tens digit of p?
2
Suppose -28 = 4*z - 3*z - 4*y, 29 = -3*z + y. Let k = -2 - z. What is the tens digit of k/2*(-230)/(-30)?
2
What is the tens digit of 2 + 1573 - (-7 + (-144)/(-12))?
7
Let a be 66 + (-9 + -1)/(-5). Let o be 187/4 + 17/a. What is the units digit of o + (4 + -5 - -2)?
8
Let a be 4/8 + (-2)/4 + 103. Let k = a - -145. What is the tens digit of k?
4
Let g = 11 - 10. Let q be (-26)/(-14) + g/7. Suppose 3*w + q*w - 295 = 0. What is the units digit of w?
9
Let s = -1355 + 1942. What is the hundreds digit of s?
5
Suppose 3*d = 5*v - v - 4649, 0 = 4*v + 4*d - 4628. What is the tens digit of v?
6
Suppose -3*z - 6 - 18 = 0. What is the hundreds digit of 0 - (-8)/(-3)*342/z?
1
Suppose 3*k + 4083 = 2*o, -20*k - 12289 = -6*o - 19*k. What is the thousands digit of o?
2
Let f(r) = 19*r + 31. Let v be f(9). Suppose -3*x = -v - 110. What is the units digit of x?
4
Suppose 0 = -3*t - 448 + 2338. What is the hundreds digit of t?
6
Suppose 3*b = 1 + 17. Suppose -5*g + 27 = -4*w, b*w - 4*w + 3 = -g. Suppose -125 = -4*n - 5*s, -g*s - 11 = -2. What is the units digit of n?
5
Suppose -63 = 13*o - 6*o. What is the units digit of (-372)/o*(-6)/(-4)?
2
What is the units digit of (37 - (1 + -1))/(5/95)?
3
Suppose 4*v - 93 = 275. Suppose -2*z + 2*k + 38 = 0, -3*z - k = 3*k - v. What is the units digit of z?
4
Let i(s) = -s**3 + 4*s**2 + 5*s + 4. Let n be i(5). Let k(v) = 4*v**2 + 2*v**3 - 3*v**3 + 4*v - 6 + 0*v**3. What is the tens digit of k(n)?
1
What is the tens digit of (720/(-14))/((-19)/133)?
6
Suppose 39 = -2*m - 5*s, -3*m + 0*m - 36 = 3*s. Let c(q) = 6 - 15*q - q**2 - 4 + 7*q. What is the units digit of c(m)?
9
Let x = 1099 - 560. What is the hundreds digit of x?
5
Suppose 0 = -0*z - 5*z + 800. What is the tens digit of (8/(-20))/((-1)/z)?
6
Suppose -v + 1258 = 4*v + z, 3*z + 510 = 2*v. Suppose v = 16*t - 12*t. What is the units digit of t?
3
Suppose -19 = 3*l + 5. Let w = -7 - l. What is the units digit of w?
1
Let c = 40 - 11. Let s = 10 + c. Suppose -2*h + v = 3*v - 54, v = 2*h - s. What is the units digit of h?
2
Let g be 224/(-40)*(-30)/(-4). Let c = g - -109. What is the units digit of c?
7
What is the hundreds digit of (-6)/(-2) - (4/(-1) - 398)?
4
Let t(c) = 337*c - 6. What is the hundreds digit of t(1)?
3
Let z be (1880/(-60))/(2/(-15)). Suppose -50*m + 55*m - z = 0. What is the tens digit of m?
4
Let g(q) = -7*q**2 - q + 14. Let b(k) = 14*k**2 + 2*k - 27. Let x(w) = 6*b(w) + 11*g(w). What is the hundreds digit of x(5)?
1
Let g be 6/18*15 - -20. Suppose 2*m + 32 = -2*f, -2*f + 6*m - 38 = 2*m. Let l = g - f. What is the units digit of l?
2
Let q be 24/9 - (-2)/(-3). Suppose -4*r = 4*u - 48, r - 3*u = q*r - 12. What is the tens digit of -2*8/r*-33?
4
Let r be (-2)/(-1) + 0/(-1). Let z be r - 1 - -1 - -1. Suppose -u + 0*u - 3*b = -25, -64 = -4*u - z*b. What is the tens digit of u?
1
Suppose 6*h + 890 = 3716. Suppose -13*c + h + 1245 = 0. What is the tens digit of c?
3
Let l = 29 + -30. What is the hundreds digit of l/(6/(-782)) + 4/6?
1
Suppose 0 = -3*b - 106 + 22. Suppose 0 = -19*m + 13*m - 348. Let f = b - m. What is the tens digit of f?
3
Let m(c) be the second derivative of 7*c**3/6 + 11*c**2/2 - 2*c - 4. Let n be (-28)/(-6) + 2/6. What is the units digit of m(n)?
6
Suppose -2*t + 0 + 8 = 0. Suppose -8*n = -3*n + 5*u - 330, -3*n = -t*u - 177. What is the units digit of n?
3
Let q = 7 - -251. Suppose -4*x + j = -q, -5*x = -4*j - 0*j - 328. What is the units digit of x?
4
Suppose 16*w = 12831 - 1039. What is the tens digit of w?
3
Suppose 3*n + 2*j - 1836 = 0, -5*n - 443 + 3499 = 2*j. What is the tens digit of n?
1
Let w(p) = -p**3 - 7*p**2 - 2*p + 2. Let y be w(-5). Let f = y - -41. What is the units digit of f?
3
Let m(a) = -a**2 + a + 37. Let w be 3/(-2)*(0 + -2). Suppose 0 = -2*b + w*k + 12, -5*b - 2*k - 13 = -5. What is the units digit of m(b)?
7
What is the hundreds digit of (-15152)/(-18) + (-88)/(-396)?
8
Suppose -2*f + 4*n - 32 = 0, -2 - 11 = -2*f - 5*n. Let p be 38/9 - f/(-27). Suppose -2*u + 3*u + 36 = 3*q, -p*q - 4*u = -64. What is the tens digit of q?
1
Suppose 4*j + n - 6*n - 114 = 0, -3*j + 5*n = -88. Suppose -40 = -c - 4*c + 5*v, -4*c + v = -j. What is the units digit of c?
6
What is the units digit of 518/4 - 31/(-62)?
0
Let v(h) = -178*h**2 - 5*h - 5. Let p(g) = -267*g**2 - 7*g - 7. Let k(s) = -5*p(s) + 7*v(s). What is the tens digit of k(1)?
8
Suppose 57*r = 158 + 30679. What is the tens digit of r?
4
Let d(i) = -i**3 - i**2. Let b = -13 - -14. Let m(r) = 4*r**3 + 12*r**2 + 9*r - 5. Let j(y) = b*m(y) + 5*d(y). What is the units digit of j(8)?
3
Suppose -156 - 6 = 2*a. Let x = 33 - a. What is the units digit of x?
4
Let y(b) = b + 13. Let c be y(-8). Suppose 2*x = -x - 3, c = 3*i - 5*x. What is the units digit of 11/(-33)*(-9 + i)?
3
Let b = -1783 - -3279. What is the hundreds digit of b?
4
Suppose 68*l + 906 = 62*l. Let g = l +